{"id":19590,"date":"2019-02-07T15:37:12","date_gmt":"2019-02-07T14:37:12","guid":{"rendered":"https:\/\/www.verdi.bz.it\/?page_id=19590"},"modified":"2019-02-11T10:39:33","modified_gmt":"2019-02-11T09:39:33","slug":"respect","status":"publish","type":"page","link":"https:\/\/www.verdi.bz.it\/it\/respect\/","title":{"rendered":"Respect"},"content":{"rendered":"<p>[vc_row][vc_column][vc_column_text]<\/p>\n<h1><b>Respect! \u2013 Un\u2019iniziativa per pi\u00f9 rispetto nella vita di tutti i giorni, in politica e nella comunicazione.<\/b><\/h1>\n<p><img loading=\"lazy\" class=\"alignnone wp-image-19612 size-large\" src=\"https:\/\/www.verdi.bz.it\/wp-content\/uploads\/2019\/02\/bild_homepage.jpg\" alt=\"\" width=\"1024\" height=\"372\" srcset=\"https:\/\/www.verdi.bz.it\/wp-content\/uploads\/2019\/02\/bild_homepage.jpg 2292w, https:\/\/www.verdi.bz.it\/wp-content\/uploads\/2019\/02\/bild_homepage-300x109.jpg 300w, https:\/\/www.verdi.bz.it\/wp-content\/uploads\/2019\/02\/bild_homepage-768x279.jpg 768w, https:\/\/www.verdi.bz.it\/wp-content\/uploads\/2019\/02\/bild_homepage-1024x372.jpg 1024w, https:\/\/www.verdi.bz.it\/wp-content\/uploads\/2019\/02\/bild_homepage-1100x400.jpg 1100w\" sizes=\"(max-width: 1024px) 100vw, 1024px\" \/><\/p>\n<p>\u201cR-E-S-P-E-C-T, find out what it means to me\u201d \u2013 come dice la canzone. In sintonia con Aretha Franklin anche noi Verdi vogliamo parlare di RISPETTO, un valore che oggi pi\u00f9 che mai ci sembra importante proteggere e tenere alto.<\/p>\n<p>Rispetto, respectare, guardare indietro, avere riguardo. Chiediamo di mettere questo valore maggiormente al centro delle nostre decisioni e azioni. Come Verdi siamo animati dal bisogno di riguardare la natura, di tutelare il creato, come lo chiamano i\/le credenti tra di noi. Rispetto nei confronti di ci\u00f2 che \u00e8 sorto, rispetto verso la vulnerabilit\u00e0 della terra e delle creature che ci vivono sopra e dei loro habitat. Questo sta alla base del nostro pensiero e delle nostre azioni politiche.<\/p>\n<p>Anche le relazioni tra le persone ci sembrano per\u00f2 sempre pi\u00f9 caratterizzate dalla mancanza di rispetto e per questo vogliamo provare a offrire una voce fuori dal coro. Pensiamo a pi\u00f9 rispetto, soprattutto su tre livelli:<\/p>\n<ol>\n<li>Rispetto nei confronti della natura e dell\u2019ambiente<\/li>\n<li>Rispetto nei confronti delle minoranze, delle diversit\u00e0, delle opinioni altrui<\/li>\n<li>Rispetto nei dibattiti pubblici e in politica.<\/li>\n<\/ol>\n<p>Siamo preoccupati soprattutto per il tono delle discussioni, che negli ultimi anni \u00e8 diventato sempre pi\u00f9 grezzo. Aggredire verbalmente delle persone solo perch\u00e9 sono diverse, o perch\u00e9 appartengono a una minoranza, o perch\u00e9 hanno un\u2019opinione discordante \u00e8 diventata purtroppo una cosa \u201cnormale\u201d. Una rozzezza particolarmente accentuata si pu\u00f2 osservare nel dibattito politico, soprattutto in internet e sui social media. Probabilmente si pensa di attaccare la personalit\u00e0 politica, in realt\u00e0 si colpisce la persona, l\u2019essere umano. E si ferisce.<\/p>\n<p>In molte cittadine e cittadini cresce l\u2019insofferenza contro questo abbrutimento. Solo che spesso, come singola persona spesso non si sa che cosa fare contro questa ondata di razzismo, sessismo, rifiuto e ostilit\u00e0.<\/p>\n<p>Quindi abbiamo pensato di puntare su un mezzo un po\u2019 antiquato ma che sta tornando in auge: l\u2019adesivo. L\u2019adesivo \u201crespect\u201d \u00e8 a disposizione di chi lo desidera presso l\u2019Ufficio verde (Bolzano, Via Bottai 5) oppure lo si pu\u00f2 ordinare via e-mail (<a href=\"mailto:info@verdi.bz.it\">info@verdi.bz.it<\/a>) \u2013 ed \u00e8 fatto per essere attaccato nei luoghi in cui questo valore basilare sia stato leso oppure semplicemente per esporlo rendendo visibile la propria opinione.<\/p>\n<p>Nell\u2019Ufficio verde sono a disposizione anche delle magliette con cui \u00e8 possibile testimoniare questa richiesta di pi\u00f9 RESPECT! portandola direttamente sul proprio corpo.<\/p>\n<p>Noi crediamo che fare politica sia anche impegnarsi socialmente ed essere da esempio etico. Per questo ci vogliamo impegnare con costanza e decisione per tutelare e tenere alto un valore di vitale importanza per tutta la societ\u00e0: il rispetto, appunto. Come Aretha gi\u00e0 cantava: Just a little bit\u2026 oppure appunto anche un po\u2019 di pi\u00f9!<\/p>\n<p>&nbsp;<\/p>\n<p>[\/vc_column_text][\/vc_column][\/vc_row][vc_row][vc_column][vc_column_text]<\/p>\n<h1>Richiedi il tuo Respect-Kit!<\/h1>\n<p>&nbsp;<\/p>\n<p>[\/vc_column_text][\/vc_column][\/vc_row][vc_row][vc_column width=&#8221;1\/4&#8243;][vc_single_image image=&#8221;19581&#8243;][vc_column_text]Adesivo[\/vc_column_text][vc_empty_space][vc_single_image image=&#8221;19586&#8243;][vc_column_text]T-Shirt[\/vc_column_text][\/vc_column][vc_column width=&#8221;3\/4&#8243;][vc_column_text]Vieni in\u00a0<a href=\"https:\/\/www.verdi.bz.it\/kontakt-gruenes-buero\/\">Ufficio Verde<\/a>\u00a0in via Bottai a Bolzano (Lu-Ve08:30-12:30)\u00a0 o contattaci:<\/p>\n<div role=\"form\" class=\"wpcf7\" id=\"wpcf7-f17000-o1\" lang=\"de-DE\" dir=\"ltr\">\n<div class=\"screen-reader-response\"><p role=\"status\" aria-live=\"polite\" aria-atomic=\"true\"><\/p> <ul><\/ul><\/div>\n<form action=\"\/it\/wp-json\/wp\/v2\/pages\/19590#wpcf7-f17000-o1\" method=\"post\" class=\"wpcf7-form init\" novalidate=\"novalidate\" data-status=\"init\">\n<div style=\"display: none;\">\n<input type=\"hidden\" name=\"_wpcf7\" value=\"17000\" \/>\n<input type=\"hidden\" name=\"_wpcf7_version\" value=\"5.3.2\" \/>\n<input type=\"hidden\" name=\"_wpcf7_locale\" value=\"de_DE\" \/>\n<input type=\"hidden\" name=\"_wpcf7_unit_tag\" value=\"wpcf7-f17000-o1\" \/>\n<input type=\"hidden\" name=\"_wpcf7_container_post\" value=\"0\" \/>\n<input type=\"hidden\" name=\"_wpcf7_posted_data_hash\" value=\"\" \/>\n<input type=\"hidden\" name=\"_wpcf7_recaptcha_response\" value=\"\" \/>\n<\/div>\n<p><span class=\"wpcf7-form-control-wrap your-name\"><input type=\"text\" name=\"your-name\" value=\"\" size=\"40\" class=\"wpcf7-form-control wpcf7-text wpcf7-validates-as-required\" aria-required=\"true\" aria-invalid=\"false\" placeholder=\"Nome\" \/><\/span> <\/p>\n<p><span class=\"wpcf7-form-control-wrap your-email\"><input type=\"email\" name=\"your-email\" value=\"\" size=\"40\" class=\"wpcf7-form-control wpcf7-text wpcf7-email wpcf7-validates-as-required wpcf7-validates-as-email\" aria-required=\"true\" aria-invalid=\"false\" placeholder=\"E-Mail\" \/><\/span><\/p>\n<p><label> Messaggio<br \/>\n    <span class=\"wpcf7-form-control-wrap your-message\"><textarea name=\"your-message\" cols=\"40\" rows=\"10\" class=\"wpcf7-form-control wpcf7-textarea\" aria-invalid=\"false\"><\/textarea><\/span> <\/label><\/p>\n<p><span class=\"wpcf7-form-control-wrap dsgvo\"><span class=\"wpcf7-form-control wpcf7-acceptance\"><span class=\"wpcf7-list-item\"><label><input type=\"checkbox\" name=\"dsgvo\" value=\"1\" aria-invalid=\"false\" checked=\"checked\" \/><span class=\"wpcf7-list-item-label\">Accetto che i miei dati di contatto vengano memorizzati per aiutarmi o propormi offerte. I dati non saranno trasmessi a terzi.<\/span><\/label><\/span><\/span><\/span><\/p>\n\n<p><input type=\"submit\" value=\"Invia\" class=\"wpcf7-form-control wpcf7-submit\" \/><\/p>\n<div class=\"wpcf7-response-output\" aria-hidden=\"true\"><\/div><\/form><\/div>\n<p>&nbsp;<\/p>\n<p>[\/vc_column_text][\/vc_column][\/vc_row]<\/p>\n","protected":false},"excerpt":{"rendered":"<p>[vc_row][vc_column][vc_column_text] Respect! \u2013 Un\u2019iniziativa per pi\u00f9 rispetto nella vita di tutti i giorni, in politica e nella comunicazione. \u201cR-E-S-P-E-C-T, find out what it means to me\u201d \u2013 come dice la canzone. In sintonia con Aretha Franklin anche noi Verdi vogliamo parlare di RISPETTO, un valore [&hellip;]<\/p>\n","protected":false},"author":1,"featured_media":0,"parent":0,"menu_order":0,"comment_status":"closed","ping_status":"closed","template":"","meta":[],"_links":{"self":[{"href":"https:\/\/www.verdi.bz.it\/it\/wp-json\/wp\/v2\/pages\/19590"}],"collection":[{"href":"https:\/\/www.verdi.bz.it\/it\/wp-json\/wp\/v2\/pages"}],"about":[{"href":"https:\/\/www.verdi.bz.it\/it\/wp-json\/wp\/v2\/types\/page"}],"author":[{"embeddable":true,"href":"https:\/\/www.verdi.bz.it\/it\/wp-json\/wp\/v2\/users\/1"}],"replies":[{"embeddable":true,"href":"https:\/\/www.verdi.bz.it\/it\/wp-json\/wp\/v2\/comments?post=19590"}],"version-history":[{"count":8,"href":"https:\/\/www.verdi.bz.it\/it\/wp-json\/wp\/v2\/pages\/19590\/revisions"}],"predecessor-version":[{"id":19615,"href":"https:\/\/www.verdi.bz.it\/it\/wp-json\/wp\/v2\/pages\/19590\/revisions\/19615"}],"wp:attachment":[{"href":"https:\/\/www.verdi.bz.it\/it\/wp-json\/wp\/v2\/media?parent=19590"}],"curies":[{"name":"wp","href":"https:\/\/api.w.org\/{rel}","templated":true}]}}

<p>[vc_row][vc_column][vc_column_text]</p>
<h1><b>Respect! – Un’iniziativa per più rispetto nella vita di tutti i giorni, in politica e nella comunicazione.</b></h1>
<p><img loading="lazy" class="alignnone wp-image-19612 size-large" src="https://www.verdi.bz.it/wp-content/uploads/2019/02/bild_homepage.jpg" alt="" width="1024" height="372" srcset="https://www.verdi.bz.it/wp-content/uploads/2019/02/bild_homepage.jpg 2292w, https://www.verdi.bz.it/wp-content/uploads/2019/02/bild_homepage-300x109.jpg 300w, https://www.verdi.bz.it/wp-content/uploads/2019/02/bild_homepage-768x279.jpg 768w, https://www.verdi.bz.it/wp-content/uploads/2019/02/bild_homepage-1024x372.jpg 1024w, https://www.verdi.bz.it/wp-content/uploads/2019/02/bild_homepage-1100x400.jpg 1100w" sizes="(max-width: 1024px) 100vw, 1024px" /></p>
<p>“R-E-S-P-E-C-T, find out what it means to me” – come dice la canzone. In sintonia con Aretha Franklin anche noi Verdi vogliamo parlare di RISPETTO, un valore che oggi più che mai ci sembra importante proteggere e tenere alto.</p>
<p>Rispetto, respectare, guardare indietro, avere riguardo. Chiediamo di mettere questo valore maggiormente al centro delle nostre decisioni e azioni. Come Verdi siamo animati dal bisogno di riguardare la natura, di tutelare il creato, come lo chiamano i/le credenti tra di noi. Rispetto nei confronti di ciò che è sorto, rispetto verso la vulnerabilità della terra e delle creature che ci vivono sopra e dei loro habitat. Questo sta alla base del nostro pensiero e delle nostre azioni politiche.</p>
<p>Anche le relazioni tra le persone ci sembrano però sempre più caratterizzate dalla mancanza di rispetto e per questo vogliamo provare a offrire una voce fuori dal coro. Pensiamo a più rispetto, soprattutto su tre livelli:</p>
<ol>
<li>Rispetto nei confronti della natura e dell’ambiente</li>
<li>Rispetto nei confronti delle minoranze, delle diversità, delle opinioni altrui</li>
<li>Rispetto nei dibattiti pubblici e in politica.</li>
</ol>
<p>Siamo preoccupati soprattutto per il tono delle discussioni, che negli ultimi anni è diventato sempre più grezzo. Aggredire verbalmente delle persone solo perché sono diverse, o perché appartengono a una minoranza, o perché hanno un’opinione discordante è diventata purtroppo una cosa “normale”. Una rozzezza particolarmente accentuata si può osservare nel dibattito politico, soprattutto in internet e sui social media. Probabilmente si pensa di attaccare la personalità politica, in realtà si colpisce la persona, l’essere umano. E si ferisce.</p>
<p>In molte cittadine e cittadini cresce l’insofferenza contro questo abbrutimento. Solo che spesso, come singola persona spesso non si sa che cosa fare contro questa ondata di razzismo, sessismo, rifiuto e ostilità.</p>
<p>Quindi abbiamo pensato di puntare su un mezzo un po’ antiquato ma che sta tornando in auge: l’adesivo. L’adesivo “respect” è a disposizione di chi lo desidera presso l’Ufficio verde (Bolzano, Via Bottai 5) oppure lo si può ordinare via e-mail (<a href="mailto:info@verdi.bz.it">info@verdi.bz.it</a>) – ed è fatto per essere attaccato nei luoghi in cui questo valore basilare sia stato leso oppure semplicemente per esporlo rendendo visibile la propria opinione.</p>
<p>Nell’Ufficio verde sono a disposizione anche delle magliette con cui è possibile testimoniare questa richiesta di più RESPECT! portandola direttamente sul proprio corpo.</p>
<p>Noi crediamo che fare politica sia anche impegnarsi socialmente ed essere da esempio etico. Per questo ci vogliamo impegnare con costanza e decisione per tutelare e tenere alto un valore di vitale importanza per tutta la società: il rispetto, appunto. Come Aretha già cantava: Just a little bit… oppure appunto anche un po’ di più!</p>
<p>&nbsp;</p>
<p>[/vc_column_text][/vc_column][/vc_row][vc_row][vc_column][vc_column_text]</p>
<h1>Richiedi il tuo Respect-Kit!</h1>
<p>&nbsp;</p>
<p>[/vc_column_text][/vc_column][/vc_row][vc_row][vc_column width=&#8221;1/4&#8243;][vc_single_image image=&#8221;19581&#8243;][vc_column_text]Adesivo[/vc_column_text][vc_empty_space][vc_single_image image=&#8221;19586&#8243;][vc_column_text]T-Shirt[/vc_column_text][/vc_column][vc_column width=&#8221;3/4&#8243;][vc_column_text]Vieni in <a href="https://www.verdi.bz.it/kontakt-gruenes-buero/">Ufficio Verde</a> in via Bottai a Bolzano (Lu-Ve08:30-12:30)  o contattaci:</p>
<div role="form" class="wpcf7" id="wpcf7-f17000-o1" lang="de-DE" dir="ltr">
<div class="screen-reader-response"><p role="status" aria-live="polite" aria-atomic="true"></p> <ul></ul></div>
<form action="/it/wp-json/wp/v2/pages/19590#wpcf7-f17000-o1" method="post" class="wpcf7-form init" novalidate="novalidate" data-status="init">
<div style="display: none;">
<input type="hidden" name="_wpcf7" value="17000" />
<input type="hidden" name="_wpcf7_version" value="5.3.2" />
<input type="hidden" name="_wpcf7_locale" value="de_DE" />
<input type="hidden" name="_wpcf7_unit_tag" value="wpcf7-f17000-o1" />
<input type="hidden" name="_wpcf7_container_post" value="0" />
<input type="hidden" name="_wpcf7_posted_data_hash" value="" />
<input type="hidden" name="_wpcf7_recaptcha_response" value="" />
</div>
<p><span class="wpcf7-form-control-wrap your-name"><input type="text" name="your-name" value="" size="40" class="wpcf7-form-control wpcf7-text wpcf7-validates-as-required" aria-required="true" aria-invalid="false" placeholder="Nome" /></span> </p>
<p><span class="wpcf7-form-control-wrap your-email"><input type="email" name="your-email" value="" size="40" class="wpcf7-form-control wpcf7-text wpcf7-email wpcf7-validates-as-required wpcf7-validates-as-email" aria-required="true" aria-invalid="false" placeholder="E-Mail" /></span></p>
<p><label> Messaggio<br />
    <span class="wpcf7-form-control-wrap your-message"><textarea name="your-message" cols="40" rows="10" class="wpcf7-form-control wpcf7-textarea" aria-invalid="false"></textarea></span> </label></p>
<p><span class="wpcf7-form-control-wrap dsgvo"><span class="wpcf7-form-control wpcf7-acceptance"><span class="wpcf7-list-item"><label><input type="checkbox" name="dsgvo" value="1" aria-invalid="false" checked="checked" /><span class="wpcf7-list-item-label">Accetto che i miei dati di contatto vengano memorizzati per aiutarmi o propormi offerte. I dati non saranno trasmessi a terzi.</span></label></span></span></span></p>

<p><input type="submit" value="Invia" class="wpcf7-form-control wpcf7-submit" /></p>
<div class="wpcf7-response-output" aria-hidden="true"></div></form></div>
<p>&nbsp;</p>
<p>[/vc_column_text][/vc_column][/vc_row]</p>

<p>[vc_row][vc_column][vc_column_text] Respect! – Un’iniziativa per più rispetto nella vita di tutti i giorni, in politica e nella comunicazione. “R-E-S-P-E-C-T, find out what it means to me” – come dice la canzone. In sintonia con Aretha Franklin anche noi Verdi vogliamo parlare di RISPETTO, un valore [&hellip;]</p>
